{"id":55,"date":"2016-01-02T19:34:33","date_gmt":"2016-01-02T18:34:33","guid":{"rendered":"http:\/\/www.prammer.eu\/?page_id=55"},"modified":"2017-10-03T08:17:19","modified_gmt":"2017-10-03T06:17:19","slug":"ueber-mich","status":"publish","type":"page","link":"https:\/\/www.prammer.eu\/?page_id=55","title":{"rendered":"Berater"},"content":{"rendered":"<p>[vc_row][vc_column width=&#8221;1\/4&#8243;][vc_single_image image=&#8221;1726&#8243; img_size=&#8221;full&#8221; style=&#8221;vc_box_rounded&#8221; css=&#8221;.vc_custom_1460049073164{margin-top: 28px !important;}&#8221;][vc_single_image image=&#8221;1727&#8243; img_size=&#8221;full&#8221; style=&#8221;vc_box_rounded&#8221; css=&#8221;.vc_custom_1460049099857{padding-top: 1px !important;}&#8221;][vc_single_image image=&#8221;1728&#8243; img_size=&#8221;full&#8221; style=&#8221;vc_box_rounded&#8221; css=&#8221;.vc_custom_1460049113865{padding-top: 1px !important;}&#8221;][vc_single_image image=&#8221;1731&#8243; img_size=&#8221;full&#8221; style=&#8221;vc_box_rounded&#8221; css=&#8221;.vc_custom_1460049895267{padding-top: 1px !important;}&#8221;][vc_single_image image=&#8221;1730&#8243; img_size=&#8221;full&#8221; style=&#8221;vc_box_rounded&#8221; css=&#8221;.vc_custom_1460049128792{padding-top: 1px !important;}&#8221;][vc_single_image image=&#8221;1679&#8243; img_size=&#8221;full&#8221; style=&#8221;vc_box_rounded&#8221; css=&#8221;.vc_custom_1459537935580{padding-top: 1px !important;}&#8221;][\/vc_column][vc_column width=&#8221;3\/4&#8243;][vc_custom_heading text=&#8221;DOZ. DI DR. KARL PRAMMER<br \/>\n&#8221; font_container=&#8221;tag:h3|text_align:left&#8221; google_fonts=&#8221;font_family:Montserrat%3Aregular%2C700|font_style:400%20regular%3A400%3Anormal&#8221;][vc_column_text]<\/p>\n<h5>Gesch\u00e4ftsf\u00fchrender Gesellschafter der PRAMMER BERATUNGS KG<br \/>\nWiener Schule der Organisationsberatung<\/h5>\n<p>[\/vc_column_text]<div class=\"list-1\"><\/p>\n<h4>EXPERTISE<\/h4>\n<ul>\n<li>Konzeption, Begleitung und Supervision organisatorischer Entwicklungs- und Transformationsprozesse<\/li>\n<li>Aufbau nachhaltiger \u00fcberbetrieblicher Kooperationen<\/li>\n<li>Coaching von Manager(innen) und Leitungsteams<\/li>\n<li>Begleitung von Teamentwicklungen und strategischen Bereichsentwicklungen<\/li>\n<li>Konzeption und Durchf\u00fchrung innerbetrieblicher Intensivtrainings f\u00fcr F\u00fchrungskr\u00e4fte und Manager(innen) zu den Themen \u201eProjekt- und Ver\u00e4nderungsmanagement\u201c sowie \u201eGesch\u00e4ftsprozessorientierung\u201c<\/li>\n<li>Aufbau, Leiten und Lehren von\/in universit\u00e4ren und au\u00dferuniversit\u00e4ren Lehrg\u00e4ngen f\u00fcr Organisationsentwicklung, Management,- und Organisationsberatung<\/li>\n<li>Arbeitserfahrungen insbesondere in den Branchen Automobil, Chemie\/Pharma, Gesundheitswesen, Kunst\/Kultur, Banken\/Versiche\u00adrun\u00adgen, \u00d6ffentliche Verwaltung\/Interessensvertretungen<\/li>\n<\/ul>\n<h4>STATIONEN<\/h4>\n<h6>aktuell<\/h6>\n<ul>\n<li>Gesch\u00e4ftsf\u00fchrender Gesellschafter von PRAMMER BERATUNGS KG<\/li>\n<li>Senior Researcher an der iff-Fakult\u00e4t der Universit\u00e4t Klagenfurt<\/li>\n<li>Mitglied des ecm Beirats an der Universit\u00e4t f\u00fcr Angewandte Kunst Wien<\/li>\n<li>Lehrt\u00e4tigkeit an der Universit\u00e4t f\u00fcr Angewandte Kunst Wien, an der Donau Universit\u00e4t Krems und an der Alpen Adria Universit\u00e4t Klagenfurt<\/li>\n<li>Lehrtrainer f\u00fcr die internationale CMC-BeraterInnen-Zertifizierung am incite institue der \u00f6sterreichischen Bundeswirtschaftskammer<\/li>\n<\/ul>\n<h6>zuvor<\/h6>\n<ul>\n<li>Gesch\u00e4ftsf\u00fchrender Gesellschafter von C\/O\/N\/E\/C\/T\/A<\/li>\n<li>Leitungsteammitglied des Masterstudiums \u201eOrganization Development\u201c sowie Mitglied des Doktoratsstudienbeirats f\u00fcr Organisationsentwicklung an der Universit\u00e4t Klagenfurt<\/li>\n<li>Referent f\u00fcr Public Management am Zentrum f\u00fcr Verwaltungsmanagement des \u00d6sterreichischen Bundeskanzleramts<\/li>\n<li>Leiter des Bereichs Organisation und Informationswesen eines Schweizer Versicherungsunternehmen\/Z\u00fcrich<\/li>\n<li>Referent an der Ungarischen Sommeruniversit\u00e4t f\u00fcr Ergonomie<\/li>\n<li>Assistent am Institut f\u00fcr Arbeits- und Betriebswissenschaften an der TU Wien<\/li>\n<li>Forschungst\u00e4tigkeit f\u00fcr einen internationalen EDV-Gro\u00dfkonzern\/USA<\/li>\n<li>Mitarbeiter einer Forschungsgesellschaft im Bereich Innovationsf\u00f6rderung<\/li>\n<\/ul>\n<h6>Aus- und Weiterbildung<\/h6>\n<ul>\n<li>Habilitation in Organisationsentwicklung an der Universit\u00e4t Klagenfurt<\/li>\n<li>Doktoratsstudium im Fach Organisationsentwicklung an der Fakult\u00e4t f\u00fcr Kulturwissenschaften der Universit\u00e4t Klagenfurt<\/li>\n<li>Diplomstudium des Maschinenbaus, Studienzweig Betriebswissenschaften an der TU Wien<\/li>\n<li>zertifiziert als International Certified Management Consultant CMC<\/li>\n<li>Ausbildungen in systemischer Strukturaufstellung (SySt M\u00fcnchen) sowie in systemischer Organisationsberatung (zsfb Heidelberg)<\/li>\n<li>Fortbildung in Gruppendynamik, Bioenergetik und Nonviolent Communication<\/li>\n<\/ul>\n<h4>PERSONA<\/h4>\n<ul>\n<li>Geboren 1957, drei erwachsene Kinder, verheiratet<\/li>\n<li>Mehrere Jahre in der Schweiz gelebt, heute wohnhaft im Gr\u00fcnen nahe Wien<\/li>\n<li>Autor von Fachb\u00fcchern und zahlreichen Publikationen<\/li>\n<li>Tauchen, Snowboarden, Wellenreiten, Reiten, Malen, Kochen, Gartenarbeit<\/li>\n<\/ul>\n<h1 id=\"kooperationspartner\"><\/h1>\n<p><\/div>[\/vc_column][\/vc_row][vc_row][vc_column][vc_empty_space height=&#8221;20px&#8221;][vc_separator][\/vc_column][\/vc_row][vc_row][vc_column width=&#8221;1\/4&#8243;][\/vc_column][vc_column width=&#8221;3\/4&#8243;][vc_custom_heading text=&#8221;KOOPERATIONSPARTNER<br \/>\n&#8221; font_container=&#8221;tag:h3|text_align:left&#8221; google_fonts=&#8221;font_family:Montserrat%3Aregular%2C700|font_style:400%20regular%3A400%3Anormal&#8221;][\/vc_column][\/vc_row][vc_row][vc_column width=&#8221;1\/4&#8243;][vc_single_image image=&#8221;651&#8243; img_size=&#8221;120&#215;150&#8243; alignment=&#8221;center&#8221; style=&#8221;vc_box_rounded&#8221; css=&#8221;.vc_custom_1460527169708{margin-top: 12px !important;padding-top: 3px !important;}&#8221;][\/vc_column][vc_column width=&#8221;3\/4&#8243;]<div class=\"list-1\"><\/p>\n<h4>Brigadier Josef Adam, MMSc\u00a0\u00a0\u00a0\u00a0 <span style=\"color: #f9c136;\">JOSEFADAM Beratung &amp; Training<\/span><\/h4>\n<p>Organisationsberater, Trainer, Mediator, Supervisor und Coach mit eigener Praxis in Graz, sowie Leiter einer der gr\u00f6\u00dften Strafvollzugseinrichtungen in \u00d6sterreich mit ca. 200 Mitarbeitern und bis zu 500 Insassen. Neben der prozessorientierten Begleitung von innerbetrieblichen Entwicklungsma\u00dfnahmen, F\u00fchrungskr\u00e4fteentwicklungen und Teambuilding-Prozessen stellt das Themenfeld \u201eGesundheit im Unternehmen\u201c einen Schwerpunkt seiner T\u00e4tigkeit dar.<\/div>[\/vc_column][\/vc_row][vc_row][vc_column width=&#8221;1\/4&#8243;][vc_single_image image=&#8221;1747&#8243; img_size=&#8221;120&#215;150&#8243; alignment=&#8221;center&#8221; style=&#8221;vc_box_rounded&#8221; css=&#8221;.vc_custom_1460527234508{margin-top: 24px !important;}&#8221;][\/vc_column][vc_column width=&#8221;3\/4&#8243;]<div class=\"list-1\"><\/p>\n<h4>Mag. T\u00fcnde Erd\u00f6s, MSc\u00a0\u00a0\u00a0\u00a0 <span style=\"color: #f9c136;\">PTC Coaching<br \/>\n<\/span><\/h4>\n<p>Organisationsberaterin, Trainerin und Executive Coach. Sie ist\u00a0 Ashridge Accredited Executive Coach und Mitglied des European Mentoring and Coaching Council. Ihre Schwerpunkte liegen auf Relational Coaching &amp; Consulting und richten sich an F\u00fchrungskr\u00e4fte und Mittleres Management. Im Coaching verfolgt sie einen personen-zentrierten Ansatz getragen von einer system-psychodynamischen Perspektive und der Gestalt-Psychologie. Der Fokus ihrer Trainings richtet sich auf Teamentwicklung, Kommunikation, Konfliktmanagement und Verhandlungstechnik.<\/div>[\/vc_column][\/vc_row][vc_row][vc_column width=&#8221;1\/4&#8243;][vc_single_image image=&#8221;1344&#8243; img_size=&#8221;120&#215;150&#8243; alignment=&#8221;center&#8221; style=&#8221;vc_box_rounded&#8221; css=&#8221;.vc_custom_1470402595859{margin-top: 24px !important;}&#8221;][\/vc_column][vc_column width=&#8221;3\/4&#8243;]<div class=\"list-1\"><\/p>\n<h4>Prof. DI Dr. Alfred Janes\u00a0\u00a0\u00a0\u00a0 <span style=\"color: #f9c136;\">Janes Consulting \u2013 Wiener Schule der Organisationsberatung<\/span><\/h4>\n<p>Organisationsberater, Trainer, Coach, Forscher und Autor. Seine Schwerpunkte liegen in der Konzeption und Begleitung von betrieblichen organisatorischen Ver\u00e4nderungsvorhaben, in der Entwicklung und Einf\u00fchrung von Entgeltsystemen, in der Begleitung von inner- und \u00fcberbetrieblichen Supervisions- und Kollegialen Beratungs-Prozessen f\u00fcr F\u00fchrungskr\u00e4fte, ChangeAgents und Berater, sowie im Aufsetzen und Durchf\u00fchren von Lehrg\u00e4ngen zur Professionalisierung einer beteiligungsorientierten Unternehmensberatung.<\/div>[\/vc_column][\/vc_row][vc_row][vc_column width=&#8221;1\/4&#8243;][vc_single_image image=&#8221;1823&#8243; img_size=&#8221;120&#215;150&#8243; alignment=&#8221;center&#8221; style=&#8221;vc_box_rounded&#8221; css=&#8221;.vc_custom_1471717334862{margin-top: 24px !important;}&#8221;][\/vc_column][vc_column width=&#8221;3\/4&#8243;]<div class=\"list-1\"><\/p>\n<h4>Mag. Alexander L\u00f6wenstein \u00a0\u00a0 <span style=\"color: #f9c136;\">L\u00d6WENSTEIN Organisationsberatung &#8211; Managementtraining &#8211; Coaching<\/span><\/h4>\n<p>Organisationsberater, Trainer, Coach. Seine Schwerpunkte liegen in der Konzeption und Durchf\u00fchrung von integrierten F\u00fchrungskr\u00e4fteentwicklungsprogrammen, also Lernprogrammen wo die teilnehmenden F\u00fchrungskr\u00e4fte ihre skills weiterentwickeln und sich die Organisation als Ganzes einen gemeinsamen Zugang zu strategieunterst\u00fctzender F\u00fchrung erschlie\u00dft. Und er unterst\u00fctzt Unternehmen \/ Bereiche \/ Teams \/ Einzelpersonen bei der Findung und Umsetzung entwicklungsf\u00f6rdernder Strategien.<\/div>[\/vc_column][\/vc_row][vc_row][vc_column width=&#8221;1\/4&#8243;][vc_single_image image=&#8221;1343&#8243; img_size=&#8221;120&#215;150&#8243; alignment=&#8221;center&#8221; style=&#8221;vc_box_rounded&#8221;][\/vc_column][vc_column width=&#8221;3\/4&#8243;]<div class=\"list-1\"><\/p>\n<h4>Dr. Elke Zuckermann\u00a0\u00a0\u00a0\u00a0 <span style=\"color: #f9c136;\">PRO+CO Consulting PR<br \/>\n<\/span><\/h4>\n<p>Organisationsentwicklerin, Trainerin und Executive Coach. Ihre Schwerpunkte liegen in der Kommunikationsberatung \u201eschwergewichtiger\u201c Organisationsentwicklungsvorhaben und krisenhafter Unternehmenssituationen sowie in der PR-Begleitung von Neugr\u00fcndungen und Mergern. Ein weiter Fokus ihrer Arbeit liegt im Coaching von F\u00fchrungskr\u00e4ften und ManagerInnen.<\/div>[\/vc_column][\/vc_row][vc_row][vc_column][vc_column_text]<\/p>\n<p>[\/vc_column_text][\/vc_column][\/vc_row][vc_row][vc_column][vc_separator][\/vc_column][\/vc_row][vc_row][vc_column width=&#8221;1\/4&#8243;][\/vc_column][vc_column width=&#8221;3\/4&#8243;][vc_custom_heading text=&#8221;INSTITUTIONELLE KOOPERATIONEN<br \/>\n&#8221; font_container=&#8221;tag:h3|text_align:left&#8221; google_fonts=&#8221;font_family:Montserrat%3Aregular%2C700|font_style:400%20regular%3A400%3Anormal&#8221;][\/vc_column][\/vc_row][vc_row][vc_column width=&#8221;1\/4&#8243;][vc_single_image image=&#8221;362&#8243; img_size=&#8221;full&#8221; alignment=&#8221;center&#8221; style=&#8221;vc_box_rounded&#8221; css=&#8221;.vc_custom_1455448958022{padding-top: 12px !important;}&#8221;][\/vc_column][vc_column width=&#8221;3\/4&#8243;]<div class=\"list-1\"><\/p>\n<h4><span style=\"color: #f9c136;\">C\/O\/N\/E\/C\/T\/A \u2013 Wiener Schule der Organisationsberatung<\/span><\/h4>\n<p><\/div>[\/vc_column][\/vc_row][vc_row css=&#8221;.vc_custom_1452079002902{padding-bottom: 10px !important;}&#8221;][vc_column width=&#8221;1\/4&#8243;][vc_single_image image=&#8221;1748&#8243; img_size=&#8221;full&#8221; alignment=&#8221;center&#8221; style=&#8221;vc_box_rounded&#8221;][\/vc_column][vc_column width=&#8221;3\/4&#8243;]<div class=\"list-1\"><\/p>\n<h4><span style=\"color: #f9c136;\">Donau Universit\u00e4t Krems<\/span><\/h4>\n<p><\/div>[\/vc_column][\/vc_row][vc_row][vc_column width=&#8221;1\/4&#8243; css=&#8221;.vc_custom_1452035987198{padding-top: 10px !important;}&#8221;][vc_single_image image=&#8221;369&#8243; img_size=&#8221;full&#8221; alignment=&#8221;center&#8221; style=&#8221;vc_box_rounded&#8221; css=&#8221;.vc_custom_1452077397149{padding-top: 5px !important;}&#8221;][\/vc_column][vc_column width=&#8221;3\/4&#8243;]<div class=\"list-1\"><\/p>\n<h4><span style=\"color: #f9c136;\">iff Fakult\u00e4t \u2013 Alpenadria Universit\u00e4t Klagenfurt Graz Wien<\/span><\/h4>\n<h4><\/h4>\n<p><\/div>[\/vc_column][\/vc_row][vc_row][vc_column width=&#8221;1\/4&#8243;][vc_single_image image=&#8221;370&#8243; img_size=&#8221;full&#8221; alignment=&#8221;center&#8221; style=&#8221;vc_box_rounded&#8221; css=&#8221;.vc_custom_1452077576601{padding-top: 5px !important;}&#8221;][\/vc_column][vc_column width=&#8221;3\/4&#8243;]<div class=\"list-1\"><\/p>\n<h4><span style=\"color: #f9c136;\">Incite \u2013 Qualit\u00e4tsakademie des Fachverbandes UBIT der Wirtschaftskammer \u00d6sterreich<\/span><\/h4>\n<p><\/div>[\/vc_column][\/vc_row][vc_row][vc_column width=&#8221;1\/4&#8243;][vc_single_image image=&#8221;364&#8243; img_size=&#8221;full&#8221; alignment=&#8221;center&#8221; style=&#8221;vc_box_rounded&#8221; css=&#8221;.vc_custom_1452076852228{padding-top: 15px !important;}&#8221;][\/vc_column][vc_column width=&#8221;3\/4&#8243;]<div class=\"list-1\"><\/p>\n<h4><span style=\"color: #f9c136;\">Universit\u00e4t f\u00fcr Angewandte Kunst Wien<\/span><\/h4>\n<p><\/div>[\/vc_column][\/vc_row]<\/p>\n","protected":false},"excerpt":{"rendered":"<p>[vc_row][vc_column width=&#8221;1\/4&#8243;][vc_single_image image=&#8221;1726&#8243; img_size=&#8221;full&#8221; style=&#8221;vc_box_rounded&#8221; css=&#8221;.vc_custom_1460049073164{margin-top: 28px !important;}&#8221;][vc_single_image image=&#8221;1727&#8243; img_size=&#8221;full&#8221; style=&#8221;vc_box_rounded&#8221; css=&#8221;.vc_custom_1460049099857{padding-top: 1px !important;}&#8221;][vc_single_image image=&#8221;1728&#8243; img_size=&#8221;full&#8221; style=&#8221;vc_box_rounded&#8221; css=&#8221;.vc_custom_1460049113865{padding-top: 1px !important;}&#8221;][vc_single_image image=&#8221;1731&#8243; img_size=&#8221;full&#8221; style=&#8221;vc_box_rounded&#8221; css=&#8221;.vc_custom_1460049895267{padding-top: 1px !important;}&#8221;][vc_single_image image=&#8221;1730&#8243; img_size=&#8221;full&#8221; style=&#8221;vc_box_rounded&#8221; css=&#8221;.vc_custom_1460049128792{padding-top: 1px !important;}&#8221;][vc_single_image image=&#8221;1679&#8243; img_size=&#8221;full&#8221; style=&#8221;vc_box_rounded&#8221; css=&#8221;.vc_custom_1459537935580{padding-top: 1px !important;}&#8221;][\/vc_column][vc_column width=&#8221;3\/4&#8243;][vc_custom_heading text=&#8221;DOZ. DI DR. KARL PRAMMER &#8221; font_container=&#8221;tag:h3|text_align:left&#8221; google_fonts=&#8221;font_family:Montserrat%3Aregular%2C700|font_style:400%20regular%3A400%3Anormal&#8221;][vc_column_text] Gesch\u00e4ftsf\u00fchrender Gesellschafter der PRAMMER BERATUNGS KG Wiener Schule<\/p>\n","protected":false},"author":1,"featured_media":0,"parent":0,"menu_order":0,"comment_status":"closed","ping_status":"closed","template":"template-full.php","meta":[],"_links":{"self":[{"href":"https:\/\/www.prammer.eu\/index.php?rest_route=\/wp\/v2\/pages\/55"}],"collection":[{"href":"https:\/\/www.prammer.eu\/index.php?rest_route=\/wp\/v2\/pages"}],"about":[{"href":"https:\/\/www.prammer.eu\/index.php?rest_route=\/wp\/v2\/types\/page"}],"author":[{"embeddable":true,"href":"https:\/\/www.prammer.eu\/index.php?rest_route=\/wp\/v2\/users\/1"}],"replies":[{"embeddable":true,"href":"https:\/\/www.prammer.eu\/index.php?rest_route=%2Fwp%2Fv2%2Fcomments&post=55"}],"version-history":[{"count":230,"href":"https:\/\/www.prammer.eu\/index.php?rest_route=\/wp\/v2\/pages\/55\/revisions"}],"predecessor-version":[{"id":1961,"href":"https:\/\/www.prammer.eu\/index.php?rest_route=\/wp\/v2\/pages\/55\/revisions\/1961"}],"wp:attachment":[{"href":"https:\/\/www.prammer.eu\/index.php?rest_route=%2Fwp%2Fv2%2Fmedia&parent=55"}],"curies":[{"name":"wp","href":"https:\/\/api.w.org\/{rel}","templated":true}]}}