{"id":60,"date":"2016-01-02T19:35:08","date_gmt":"2016-01-02T18:35:08","guid":{"rendered":"http:\/\/www.prammer.eu\/?page_id=60"},"modified":"2019-10-30T07:06:49","modified_gmt":"2019-10-30T06:06:49","slug":"kunden","status":"publish","type":"page","link":"https:\/\/www.prammer.eu\/?page_id=60","title":{"rendered":"Kunden"},"content":{"rendered":"<p>[vc_row css=&#8221;.vc_custom_1455452858513{padding-top: 12px !important;}&#8221;][vc_column width=&#8221;1\/2&#8243;]<div class=\"list-1\"><\/p>\n<ul>\n<li class=\"p1\">AC Nielsen<\/li>\n<li class=\"p1\">Act.Now<\/li>\n<li class=\"p1\">Angelini Pharma<\/li>\n<li class=\"p1\">Arag Rechtschutz Versicherung<\/li>\n<li class=\"p1\">Arbeiterkammer Ober\u00f6sterreich<\/li>\n<li class=\"p1\">Arbeiterkammer Wien<\/li>\n<li class=\"p1\">Allgemeines Krankenhaus Linz<\/li>\n<li class=\"p1\">AVL Institut<\/li>\n<li class=\"p1\">Austro Control<\/li>\n<li class=\"p1\">Austria Presse Agentur<\/li>\n<li class=\"p1\">Austria Research Center<\/li>\n<li class=\"p1\">AXA Versicherung<\/li>\n<li class=\"p1\">Bacher Systems<\/li>\n<li class=\"p1\">BASF<\/li>\n<li class=\"p1\">Bayer AG<\/li>\n<li class=\"p1\">BBRZ Gruppe \u00d6sterreich<\/li>\n<li class=\"p1\">BBRZ Reha GmbH<\/li>\n<li class=\"p1\">Berlin Wasser Betriebe<\/li>\n<li class=\"p1\">Bundeskanzleramt \u00d6sterreich<\/li>\n<li class=\"p1\">Bundesministerium f\u00fcr Kunst, Kultur und Unterricht<\/li>\n<li class=\"p1\">Bundesministerium f\u00fcr Land- und Forstwirtschaft, Umwelt und Wasserwirtschaft<\/li>\n<li class=\"p1\">Bundesministerium f\u00fcr Soziale Sicherheit und Generationen<\/li>\n<li class=\"p1\">B\u00fcchereien Wien<\/li>\n<li class=\"p1\">Business Circle<\/li>\n<li class=\"p1\">Caritas Vorarlberg<\/li>\n<li class=\"p1\">Chemserv<\/li>\n<li class=\"p1\">Commend International<\/li>\n<li class=\"p1\">Commend \u00d6sterreich\/CEE<\/li>\n<li class=\"p1\">Credit Suisse Deutschland<\/li>\n<li class=\"p1\">Currenta GmbH<\/li>\n<li class=\"p1\">DaimlerChrysler AG<\/li>\n<li class=\"p1\">Daimler-Benz AG<\/li>\n<li class=\"p1\">DBV Winterthur<\/li>\n<li class=\"p1\">Deutsche Apotheker- und \u00c4rztebank eG<\/li>\n<li class=\"p1\">Deutsche Telecom<\/li>\n<li class=\"p1\">Deutsche Bank<\/li>\n<li class=\"p1\">Deutsche Post<\/li>\n<li class=\"p1\">Die Umweltberatung<\/li>\n<li class=\"p1\">Die Umweltberatung Nieder\u00f6sterreich<\/li>\n<li class=\"p1\">Donauuniversit\u00e4t Krems<\/li>\n<li class=\"p1\">Erste Bank<\/li>\n<li class=\"p1\">Evangelische Kirche \u00d6sterreich<\/li>\n<li class=\"p1\">Fiebinger, Polak, Leon &amp; Partner<\/li>\n<li class=\"p1\">Fonds Soziales Wien<\/li>\n<li class=\"p1\">Fortbildungszentrum Strafvollzug<\/li>\n<li class=\"p1\">Generali Versicherung<\/li>\n<li class=\"p1\">Gespag<\/li>\n<li class=\"p1\">Gewerkschaft Bau Holz<\/li>\n<li class=\"p1\">Global 2000<\/li>\n<li class=\"p1\">Hanusch Krankenhaus<\/li>\n<li class=\"p1\">IC Unternehmer Akademie<\/li>\n<li class=\"p1\">incite<\/li>\n<li class=\"p1\">Initiative Respect der israelitischen Kultusgemeinde (IKG)<\/li>\n<\/ul>\n<p><\/div>[\/vc_column][vc_column width=&#8221;1\/2&#8243;]<div class=\"list-1\"><\/p>\n<ul>\n<li class=\"p1\">Johnson &amp; Johnson<\/li>\n<li class=\"p1\">Justizdirektion \u00d6sterreich<\/li>\n<li class=\"p1\">Kardinal Schwarzenberg\u2019sches Krankenhaus<\/li>\n<li class=\"p1\">K\u00e4rcher<\/li>\n<li class=\"p1\">Klinikum Klagenfurt<\/li>\n<li class=\"p1\">Klinikum Wels-Grieskirchen<\/li>\n<li class=\"p1\">Kohl &amp; Partner<\/li>\n<li class=\"p1\">Koncar<\/li>\n<li class=\"p1\">Krankenhaus Zell am See<\/li>\n<li class=\"p1\">KTM<\/li>\n<li class=\"p1\">Kunst Uni Graz<\/li>\n<li class=\"p1\">K\u00fcnstlerhaus Wien<\/li>\n<li class=\"p1\">Magistrat der Stadt Villach<\/li>\n<li class=\"p1\">Magistrat der Stadt Wels<\/li>\n<li class=\"p1\">Magistrat Wien<\/li>\n<li class=\"p1\">Magna Steyr<\/li>\n<li class=\"p1\">Medizinische Universit\u00e4t Wien<\/li>\n<li class=\"p1\">Merzedes Benz<\/li>\n<li class=\"p1\">Metis<\/li>\n<li class=\"p1\">Mondi<\/li>\n<li class=\"p1\">N\u00d6 Energie- &amp; Umweltberatung<\/li>\n<li class=\"p1\">\u00d6GB<\/li>\n<li class=\"p1\">\u00d6IR \u00d6sterreichisches Institut f\u00fcr Raumplanung<\/li>\n<li class=\"p1\">Outcome Schweiz<\/li>\n<li class=\"p1\">Palfinger AG<\/li>\n<li class=\"p1\">Pflegeschule M\u00e4nnedorf<\/li>\n<li class=\"p1\">Raifeisen International<\/li>\n<li class=\"p1\">Redserve<\/li>\n<li class=\"p1\">Rogaland Kunstsenter<\/li>\n<li class=\"p1\">Rosinak &amp; Partner<\/li>\n<li class=\"p1\">Sappi<\/li>\n<li class=\"p1\">Schweizer Paraplegiker Gruppe<\/li>\n<li class=\"p1\">Sch\u00f6rghuber<\/li>\n<li class=\"p1\">Siemens<\/li>\n<li class=\"p1\">Severinus Apotheke Wien<\/li>\n<li class=\"p1\">Stadtbetriebe Linz GmbH<\/li>\n<li class=\"p1\">Strafvollzugsakademie der Republik \u00d6sterreich<\/li>\n<li class=\"p1\">Universit\u00e4t f\u00fcr Musik und Darstellende Kunst Graz<\/li>\n<li class=\"p1\">Tectrion GmbH<\/li>\n<li class=\"p1\">Universit\u00e4t Klagenfurt<\/li>\n<li class=\"p1\">Universit\u00e4tsspital Z\u00fcrich<\/li>\n<li class=\"p1\">Universit\u00e4t f\u00fcr Angewandte Kunst<\/li>\n<li class=\"p1\">Vida<\/li>\n<li class=\"p1\">Voest Alpine<\/li>\n<li class=\"p1\">Waff Wiener ArbeitnehmerInnen Fonds<\/li>\n<li class=\"p1\">Wien Bibliothek<\/li>\n<li class=\"p1\">Wien Museum<\/li>\n<li class=\"p1\">Wiener Psychoanalytische Vereinigung<\/li>\n<li class=\"p1\">Wirtschaftsagentur Wien<\/li>\n<li class=\"p1\">Wirtschaftskammer \u00d6sterreich<\/li>\n<li class=\"p1\">Zentrum f\u00fcr Verwaltungsmanagement des \u00f6sterreichischen Bundeskanzleramts<\/li>\n<li class=\"p1\">5P Consulting<\/li>\n<\/ul>\n<p><\/div>[\/vc_column][\/vc_row]<\/p>\n","protected":false},"excerpt":{"rendered":"<p>[vc_row css=&#8221;.vc_custom_1455452858513{padding-top: 12px !important;}&#8221;][vc_column width=&#8221;1\/2&#8243;][\/vc_column][vc_column width=&#8221;1\/2&#8243;][\/vc_column][\/vc_row]<\/p>\n","protected":false},"author":1,"featured_media":0,"parent":0,"menu_order":0,"comment_status":"closed","ping_status":"closed","template":"template-full.php","meta":[],"_links":{"self":[{"href":"https:\/\/www.prammer.eu\/index.php?rest_route=\/wp\/v2\/pages\/60"}],"collection":[{"href":"https:\/\/www.prammer.eu\/index.php?rest_route=\/wp\/v2\/pages"}],"about":[{"href":"https:\/\/www.prammer.eu\/index.php?rest_route=\/wp\/v2\/types\/page"}],"author":[{"embeddable":true,"href":"https:\/\/www.prammer.eu\/index.php?rest_route=\/wp\/v2\/users\/1"}],"replies":[{"embeddable":true,"href":"https:\/\/www.prammer.eu\/index.php?rest_route=%2Fwp%2Fv2%2Fcomments&post=60"}],"version-history":[{"count":43,"href":"https:\/\/www.prammer.eu\/index.php?rest_route=\/wp\/v2\/pages\/60\/revisions"}],"predecessor-version":[{"id":2315,"href":"https:\/\/www.prammer.eu\/index.php?rest_route=\/wp\/v2\/pages\/60\/revisions\/2315"}],"wp:attachment":[{"href":"https:\/\/www.prammer.eu\/index.php?rest_route=%2Fwp%2Fv2%2Fmedia&parent=60"}],"curies":[{"name":"wp","href":"https:\/\/api.w.org\/{rel}","templated":true}]}}